actors of 147794.
2, 73897
List the prime factors of 3511.
3511
List the prime factors of 1980.
2, 3, 5, 11
List the prime factors of 50673.
3, 7, 19, 127
What are the prime factors of 2367?
3, 263
List the prime factors of 672.
2, 3, 7
List the prime factors of 45828.
2, 3, 19, 67
What are the prime factors of 112?
2, 7
What are the prime factors of 341?
11, 31
List the prime factors of 376.
2, 47
What are the prime factors of 1147?
31, 37
List the prime factors of 952.
2, 7, 17
List the prime factors of 884.
2, 13, 17
List the prime factors of 1806.
2, 3, 7, 43
What are the prime factors of 4622?
2, 2311
What are the prime factors of 437?
19, 23
List the prime factors of 23015.
5, 4603
What are the prime factors of 4636?
2, 19, 61
What are the prime factors of 740?
2, 5, 37
What are the prime factors of 3174?
2, 3, 23
What are the prime factors of 1165?
5, 233
List the prime factors of 69310.
2, 5, 29, 239
List the prime factors of 2382.
2, 3, 397
What are the prime factors of 174?
2, 3, 29
List the prime factors of 14601.
3, 31, 157
List the prime factors of 8247.
3, 2749
List the prime factors of 94292.
2, 11, 2143
List the prime factors of 1017.
3, 113
What are the prime factors of 4237?
19, 223
What are the prime factors of 4136?
2, 11, 47
List the prime factors of 628.
2, 157
What are the prime factors of 639?
3, 71
What are the prime factors of 63807?
3, 21269
What are the prime factors of 12738?
2, 3, 11, 193
List the prime factors of 123.
3, 41
List the prime factors of 83846.
2, 7, 53, 113
What are the prime factors of 8269?
8269
What are the prime factors of 3861?
3, 11, 13
List the prime factors of 3298.
2, 17, 97
List the prime factors of 5737.
5737
List the prime factors of 5015.
5, 17, 59
What are the prime factors of 1789?
1789
List the prime factors of 3191.
3191
What are the prime factors of 152466?
2, 3, 25411
List the prime factors of 2443.
7, 349
List the prime factors of 1120.
2, 5, 7
List the prime factors of 17909.
17909
List the prime factors of 16578.
2, 3, 307
What are the prime factors of 51598?
2, 25799
What are the prime factors of 1910?
2, 5, 191
What are the prime factors of 3?
3
List the prime factors of 21637.
7, 11, 281
List the prime factors of 97.
97
List the prime factors of 2550.
2, 3, 5, 17
List the prime factors of 3165.
3, 5, 211
What are the prime factors of 3100?
2, 5, 31
List the prime factors of 8580.
2, 3, 5, 11, 13
What are the prime factors of 82342?
2, 13, 3167
List the prime factors of 85.
5, 17
List the prime factors of 1005.
3, 5, 67
What are the prime factors of 19835?
5, 3967
List the prime factors of 264.
2, 3, 11
What are the prime factors of 891?
3, 11
What are the prime factors of 10028?
2, 23, 109
What are the prime factors of 809?
809
List the prime factors of 110181.
3, 19, 1933
List the prime factors of 3246.
2, 3, 541
List the prime factors of 9919.
7, 13, 109
What are the prime factors of 266?
2, 7, 19
List the prime factors of 508.
2, 127
What are the prime factors of 443?
443
What are the prime factors of 26903?
26903
List the prime factors of 1259.
1259
List the prime factors of 153.
3, 17
List the prime factors of 689.
13, 53
List the prime factors of 435.
3, 5, 29
What are the prime factors of 685?
5, 137
What are the prime factors of 2165?
5, 433
List the prime factors of 5327.
7, 761
List the prime factors of 24308.
2, 59, 103
What are the prime factors of 3045?
3, 5, 7, 29
List the prime factors of 554.
2, 277
List the prime factors of 37789.
23, 31, 53
List the prime factors of 1204.
2, 7, 43
List the prime factors of 3924.
2, 3, 109
List the prime factors of 6381.
3, 709
What are the prime factors of 1724?
2, 431
List the prime factors of 24500.
2, 5, 7
List the prime factors of 1272.
2, 3, 53
What are the prime factors of 521?
521
List the prime factors of 536.
2, 67
List the prime factors of 46.
2, 23
What are the prime factors of 5962?
2, 11, 271
What are the prime factors of 46286?
2, 23143
List the prime factors of 38166.
2, 3, 6361
What are the prime factors of 7355?
5, 1471
List the prime factors of 1349.
19, 71
What are the prime factors of 1305?
3, 5, 29
List the prime factors of 2320.
2, 5, 29
List the prime factors of 1373.
1373
List the prime factors of 579.
3, 193
List the prime factors of 162.
2, 3
What are the prime factors of 230?
2, 5, 23
List the prime factors of 1540.
2, 5, 7, 11
What are the prime factors of 45852?
2, 3, 3821
List the prime factors of 6069.
3, 7, 17
List the prime factors of 2272.
2, 71
What are the prime factors of 103?
103
What are the prime factors of 1079?
13, 83
List the prime factors of 36185.
5, 7237
What are the prime factors of 2?
2
What are the prime factors of 4615?
5, 13, 71
List the prime factors of 2341.
2341
List the prime factors of 1785.
3, 5, 7, 17
What are the prime factors of 765?
3, 5, 17
What are the prime factors of 23062?
2, 13, 887
List the prime factors of 814.
2, 11, 37
List the prime factors of 27458.
2, 13729
List the prime factors of 4538.
2, 2269
What are the prime factors of 90954?
2, 3, 31, 163
What are the prime factors of 60425?
5, 2417
List the prime factors of 25736.
2, 3217
List the prime factors of 211411.
163, 1297
List the prime factors of 7982.
2, 13, 307
List the prime factors of 4787.
4787
What are the prime factors of 95923?
95923
What are the prime factors of 1570?
2, 5, 157
List the prime factors of 3661.
7, 523
List the prime factors of 55.
5, 11
List the prime factors of 4178.
2, 2089
What are the prime factors of 159676?
2, 11, 19, 191
What are the prime factors of 9656?
2, 17, 71
List the prime factors of 1652.
2, 7, 59
What are the prime factors of 8182?
2, 4091
List the prime factors of 97710.
2, 3, 5, 3257
List the prime factors of 109659.
3, 11, 3323
What are the prime factors of 60100?
2, 5, 601
List the prime factors of 3794.
2, 7, 271
What are the prime factors of 1011?
3, 337
List the prime factors of 242.
2, 11
List the prime factors of 36484.
2, 7, 1303
What are the prime factors of 12439?
7, 1777
What are the prime factors of 1247?
29, 43
List the prime factors of 3329.
3329
List the prime factors of 547.
547
List the prime factors of 34167.
3, 7, 1627
What are the prime factors of 7686?
2, 3, 7, 61
List the prime factors of 1503.
3, 167
List the prime factors of 1149.
3, 383
What are the prime factors of 21951?
3, 271
What are the prime factors of 123215?
5, 19, 1297
What are the prime factors of 22328?
2, 2791
List the prime factors of 2759.
31, 89
What are the prime factors of 1194?
2, 3, 199
What are the prime factors of 83100?
2, 3, 5, 277
List the prime factors of 26103.
3, 7, 11, 113
What are the prime factors of 1669?
1669
List the prime factors of 114621.
3, 13, 2939
What are the prime factors of 1542?
2, 3, 257
List the prime factors of 1574.
2, 787
List the prime factors of 19555.
5, 3911
List the prime factors of 2521.
2521
List the prime factors of 326.
2, 163
List the prime factors of 2100.
2, 3, 5, 7
List the prime factors of 10608.
2, 3, 13, 17
What are the prime factors of 1039?
1039
List the prime factors of 5209.
5209
List the prime factors of 39886.
2, 7, 11, 37
What are the prime factors of 7709?
13, 593
What are the prime factors of 7983?
3, 887
What are the prime factors of 2715?
3, 5, 181
List the prime factors of 6716.
2, 23, 73
List the prime factors of 5552.
2, 347
List the prime factors of 105513.
3, 35171
What are the prime factors of 660?
2, 3, 5, 11
What are the prime factors of 5272?
2, 659
What are the prime factors of 6032?
2, 13, 29
List the prime factors of 2379.
3, 13, 61
What are the prime factors of 77485?
5, 15497
List the prime factors of 33929.
7, 37, 131
What are the prime factors of 399?
3, 7, 19
List the prime factors of 10010.
2, 5, 7, 11, 13
List the prime factors of 169197.
3, 7, 1151
List the prime factors of 1270.
2, 5, 127
List the prime factors of 2374.
2, 1187
What are the prime factors of 970?
2, 5, 97
List the prime factors of 3992.
2, 499
List the prime factors of 20797.
7, 2971
List the prime factors of 11161.
11161
What are the prime factors of 451?
11, 41
What are the prime factors of 9418?
2, 17, 277
What are the prime factors of 11911?
43, 277
List the prime factors of 39569.
39569
List the prime factors of